{"id":11304,"date":"2024-09-20T14:31:20","date_gmt":"2024-09-20T20:31:20","guid":{"rendered":"http:\/\/mcrtogo.com\/?post_type=product&#038;p=11304"},"modified":"2024-09-20T14:48:40","modified_gmt":"2024-09-20T20:48:40","slug":"cargador-mini-ganrobot-30w-serie-nexode","status":"publish","type":"product","link":"https:\/\/mcrtogo.com\/index.php\/product\/cargador-mini-ganrobot-30w-serie-nexode\/","title":{"rendered":"Cargador Mini GaNRobot 30W serie Nexode"},"content":{"rendered":"<p class=\"fw-bold m-0 text-azulmarino\">Caracter\u00edsticas Principales<\/p>\n<ul class=\"ps-3\">\n<li>Con la \u00faltima tecnolog\u00eda de carga GaNFast, el cargador tipo C de carga r\u00e1pida carga tu iPhone 14 ProMax al 51% en 30 minutos. Carga r\u00e1pida en un instante. Potencia m\u00e1xima 30W.<\/li>\n<li>Equipado con una mini pantalla inteligente, que muestra el estado de carga en tiempo real cuando la carga est\u00e1 en curso y cuando ha terminado de cargar con una simp\u00e1tica expresi\u00f3n.<\/li>\n<li>Proporciona una eficiencia de conversi\u00f3n de energ\u00eda del 95%, reduciendo la p\u00e9rdida de energ\u00eda y reduciendo eficazmente la generaci\u00f3n de calor durante la carga.<\/li>\n<li>El sistema Thermal Guard integrado de UGREEN supervisa los cambios de temperatura en tiempo real y distribuye de forma inteligente la corriente adecuada a sus dispositivos para conservar la vida \u00fatil de la bater\u00eda<\/li>\n<\/ul>\n","protected":false},"excerpt":{"rendered":"<h3 id=\"product_title_224280\" class=\"titulo_vp\">1 USB-C de Carga R\u00e1pida | Tecnolog\u00eda GaN II | Multiprotocolo PD\/QC\/SCP\/FCA | Carga Inteligente | Pantalla LED | Zapato Magn\u00e9tico Extra\u00edble | Thermal Guard | Color Negro.<\/h3>\n","protected":false},"featured_media":11306,"comment_status":"open","ping_status":"closed","template":"","meta":[],"product_brand":[],"product_cat":[100],"product_tag":[],"class_list":{"0":"post-11304","1":"product","2":"type-product","3":"status-publish","4":"has-post-thumbnail","6":"product_cat-energia-herramientas","7":"zank_product_brands-ugreen","8":"nt-post-class","9":"","15":"first","16":"instock","17":"sale","18":"shipping-taxable","19":"purchasable","20":"product-type-variable"},"_links":{"self":[{"href":"https:\/\/mcrtogo.com\/index.php\/wp-json\/wp\/v2\/product\/11304","targetHints":{"allow":["GET"]}}],"collection":[{"href":"https:\/\/mcrtogo.com\/index.php\/wp-json\/wp\/v2\/product"}],"about":[{"href":"https:\/\/mcrtogo.com\/index.php\/wp-json\/wp\/v2\/types\/product"}],"replies":[{"embeddable":true,"href":"https:\/\/mcrtogo.com\/index.php\/wp-json\/wp\/v2\/comments?post=11304"}],"version-history":[{"count":1,"href":"https:\/\/mcrtogo.com\/index.php\/wp-json\/wp\/v2\/product\/11304\/revisions"}],"predecessor-version":[{"id":11307,"href":"https:\/\/mcrtogo.com\/index.php\/wp-json\/wp\/v2\/product\/11304\/revisions\/11307"}],"wp:featuredmedia":[{"embeddable":true,"href":"https:\/\/mcrtogo.com\/index.php\/wp-json\/wp\/v2\/media\/11306"}],"wp:attachment":[{"href":"https:\/\/mcrtogo.com\/index.php\/wp-json\/wp\/v2\/media?parent=11304"}],"wp:term":[{"taxonomy":"product_brand","embeddable":true,"href":"https:\/\/mcrtogo.com\/index.php\/wp-json\/wp\/v2\/product_brand?post=11304"},{"taxonomy":"product_cat","embeddable":true,"href":"https:\/\/mcrtogo.com\/index.php\/wp-json\/wp\/v2\/product_cat?post=11304"},{"taxonomy":"product_tag","embeddable":true,"href":"https:\/\/mcrtogo.com\/index.php\/wp-json\/wp\/v2\/product_tag?post=11304"}],"curies":[{"name":"wp","href":"https:\/\/api.w.org\/{rel}","templated":true}]}}